{"id":129,"date":"2022-07-18T08:19:05","date_gmt":"2022-07-18T06:19:05","guid":{"rendered":"http:\/\/localhost\/elektrovodomont\/?page_id=129"},"modified":"2022-08-21T11:37:46","modified_gmt":"2022-08-21T10:37:46","slug":"armaturne-mreze","status":"publish","type":"page","link":"https:\/\/elektrovodomont.rs\/?page_id=129","title":{"rendered":"Armaturne mre\u017ee"},"content":{"rendered":"\t\t<div data-elementor-type=\"wp-page\" data-elementor-id=\"129\" class=\"elementor elementor-129\">\n\t\t\t\t\t\t\t\t\t<section class=\"elementor-section elementor-top-section elementor-element elementor-element-7865489c elementor-section-boxed elementor-section-height-default elementor-section-height-default\" data-id=\"7865489c\" data-element_type=\"section\">\n\t\t\t\t\t\t<div class=\"elementor-container elementor-column-gap-default\">\n\t\t\t\t\t<div class=\"elementor-column elementor-col-100 elementor-top-column elementor-element elementor-element-74de07ba\" data-id=\"74de07ba\" data-element_type=\"column\">\n\t\t\t<div class=\"elementor-widget-wrap elementor-element-populated\">\n\t\t\t\t\t\t\t\t<div class=\"elementor-element elementor-element-5f264180 elementor-widget elementor-widget-text-editor\" data-id=\"5f264180\" data-element_type=\"widget\" data-widget_type=\"text-editor.default\">\n\t\t\t\t<div class=\"elementor-widget-container\">\n\t\t\t<style>\/*! elementor - v3.7.1 - 14-08-2022 *\/\n.elementor-widget-text-editor.elementor-drop-cap-view-stacked .elementor-drop-cap{background-color:#818a91;color:#fff}.elementor-widget-text-editor.elementor-drop-cap-view-framed .elementor-drop-cap{color:#818a91;border:3px solid;background-color:transparent}.elementor-widget-text-editor:not(.elementor-drop-cap-view-default) .elementor-drop-cap{margin-top:8px}.elementor-widget-text-editor:not(.elementor-drop-cap-view-default) .elementor-drop-cap-letter{width:1em;height:1em}.elementor-widget-text-editor .elementor-drop-cap{float:left;text-align:center;line-height:1;font-size:50px}.elementor-widget-text-editor .elementor-drop-cap-letter{display:inline-block}<\/style>\t\t\t\t<!-- wp:paragraph -->\n<p><strong>Armaturne mre\u017ee <\/strong>imaju izuzetnu primenu u armiranju betonskih konstrukcija. U mogu\u0107nosti smo da vam ponudimo Q (obostrano nosive armaturne mreze) i R (uzdu\u017eno nosive armaturne mreze). Dimenzije mre\u017ea su od 4 mm do 10 mm.<\/p>\n<!-- \/wp:paragraph -->\t\t\t\t\t\t<\/div>\n\t\t\t\t<\/div>\n\t\t\t\t<div class=\"elementor-element elementor-element-8f0d3dd elementor-widget-divider--view-line elementor-widget elementor-widget-divider\" data-id=\"8f0d3dd\" data-element_type=\"widget\" data-widget_type=\"divider.default\">\n\t\t\t\t<div class=\"elementor-widget-container\">\n\t\t\t<style>\/*! elementor - v3.7.1 - 14-08-2022 *\/\n.elementor-widget-divider{--divider-border-style:none;--divider-border-width:1px;--divider-color:#2c2c2c;--divider-icon-size:20px;--divider-element-spacing:10px;--divider-pattern-height:24px;--divider-pattern-size:20px;--divider-pattern-url:none;--divider-pattern-repeat:repeat-x}.elementor-widget-divider .elementor-divider{display:-webkit-box;display:-ms-flexbox;display:flex}.elementor-widget-divider .elementor-divider__text{font-size:15px;line-height:1;max-width:95%}.elementor-widget-divider .elementor-divider__element{margin:0 var(--divider-element-spacing);-ms-flex-negative:0;flex-shrink:0}.elementor-widget-divider .elementor-icon{font-size:var(--divider-icon-size)}.elementor-widget-divider .elementor-divider-separator{display:-webkit-box;display:-ms-flexbox;display:flex;margin:0;direction:ltr}.elementor-widget-divider--view-line_icon .elementor-divider-separator,.elementor-widget-divider--view-line_text .elementor-divider-separator{-webkit-box-align:center;-ms-flex-align:center;align-items:center}.elementor-widget-divider--view-line_icon .elementor-divider-separator:after,.elementor-widget-divider--view-line_icon .elementor-divider-separator:before,.elementor-widget-divider--view-line_text .elementor-divider-separator:after,.elementor-widget-divider--view-line_text .elementor-divider-separator:before{display:block;content:\"\";border-bottom:0;-webkit-box-flex:1;-ms-flex-positive:1;flex-grow:1;border-top:var(--divider-border-width) var(--divider-border-style) var(--divider-color)}.elementor-widget-divider--element-align-left .elementor-divider .elementor-divider-separator>.elementor-divider__svg:first-of-type{-webkit-box-flex:0;-ms-flex-positive:0;flex-grow:0;-ms-flex-negative:100;flex-shrink:100}.elementor-widget-divider--element-align-left .elementor-divider-separator:before{content:none}.elementor-widget-divider--element-align-left .elementor-divider__element{margin-left:0}.elementor-widget-divider--element-align-right .elementor-divider .elementor-divider-separator>.elementor-divider__svg:last-of-type{-webkit-box-flex:0;-ms-flex-positive:0;flex-grow:0;-ms-flex-negative:100;flex-shrink:100}.elementor-widget-divider--element-align-right .elementor-divider-separator:after{content:none}.elementor-widget-divider--element-align-right .elementor-divider__element{margin-right:0}.elementor-widget-divider:not(.elementor-widget-divider--view-line_text):not(.elementor-widget-divider--view-line_icon) .elementor-divider-separator{border-top:var(--divider-border-width) var(--divider-border-style) var(--divider-color)}.elementor-widget-divider--separator-type-pattern{--divider-border-style:none}.elementor-widget-divider--separator-type-pattern.elementor-widget-divider--view-line .elementor-divider-separator,.elementor-widget-divider--separator-type-pattern:not(.elementor-widget-divider--view-line) .elementor-divider-separator:after,.elementor-widget-divider--separator-type-pattern:not(.elementor-widget-divider--view-line) .elementor-divider-separator:before,.elementor-widget-divider--separator-type-pattern:not([class*=elementor-widget-divider--view]) .elementor-divider-separator{width:100%;min-height:var(--divider-pattern-height);-webkit-mask-size:var(--divider-pattern-size) 100%;mask-size:var(--divider-pattern-size) 100%;-webkit-mask-repeat:var(--divider-pattern-repeat);mask-repeat:var(--divider-pattern-repeat);background-color:var(--divider-color);-webkit-mask-image:var(--divider-pattern-url);mask-image:var(--divider-pattern-url)}.elementor-widget-divider--no-spacing{--divider-pattern-size:auto}.elementor-widget-divider--bg-round{--divider-pattern-repeat:round}.rtl .elementor-widget-divider .elementor-divider__text{direction:rtl}.e-container>.elementor-widget-divider{width:var(--container-widget-width,100%);-webkit-box-flex:1;-ms-flex-positive:1;flex-grow:1}<\/style>\t\t<div class=\"elementor-divider\">\n\t\t\t<span class=\"elementor-divider-separator\">\n\t\t\t\t\t\t<\/span>\n\t\t<\/div>\n\t\t\t\t<\/div>\n\t\t\t\t<\/div>\n\t\t\t\t<div class=\"elementor-element elementor-element-d4e7429 elementor-widget elementor-widget-image-gallery\" data-id=\"d4e7429\" data-element_type=\"widget\" data-widget_type=\"image-gallery.default\">\n\t\t\t\t<div class=\"elementor-widget-container\">\n\t\t\t<style>\/*! elementor - v3.7.1 - 14-08-2022 *\/\n.elementor-image-gallery .gallery-item{display:inline-block;text-align:center;vertical-align:top;width:100%;max-width:100%;margin:0 auto}.elementor-image-gallery .gallery-item img{margin:0 auto}.elementor-image-gallery .gallery-item .gallery-caption{margin:0}.elementor-image-gallery figure img{display:block}.elementor-image-gallery figure figcaption{width:100%}.gallery-spacing-custom .elementor-image-gallery .gallery-icon{padding:0}@media (min-width:768px){.elementor-image-gallery .gallery-columns-2 .gallery-item{max-width:50%}.elementor-image-gallery .gallery-columns-3 .gallery-item{max-width:33.33%}.elementor-image-gallery .gallery-columns-4 .gallery-item{max-width:25%}.elementor-image-gallery .gallery-columns-5 .gallery-item{max-width:20%}.elementor-image-gallery .gallery-columns-6 .gallery-item{max-width:16.666%}.elementor-image-gallery .gallery-columns-7 .gallery-item{max-width:14.28%}.elementor-image-gallery .gallery-columns-8 .gallery-item{max-width:12.5%}.elementor-image-gallery .gallery-columns-9 .gallery-item{max-width:11.11%}.elementor-image-gallery .gallery-columns-10 .gallery-item{max-width:10%}}@media (min-width:480px) and (max-width:767px){.elementor-image-gallery .gallery.gallery-columns-2 .gallery-item,.elementor-image-gallery .gallery.gallery-columns-3 .gallery-item,.elementor-image-gallery .gallery.gallery-columns-4 .gallery-item,.elementor-image-gallery .gallery.gallery-columns-5 .gallery-item,.elementor-image-gallery .gallery.gallery-columns-6 .gallery-item,.elementor-image-gallery .gallery.gallery-columns-7 .gallery-item,.elementor-image-gallery .gallery.gallery-columns-8 .gallery-item,.elementor-image-gallery .gallery.gallery-columns-9 .gallery-item,.elementor-image-gallery .gallery.gallery-columns-10 .gallery-item{max-width:50%}}@media (max-width:479px){.elementor-image-gallery .gallery.gallery-columns-2 .gallery-item,.elementor-image-gallery .gallery.gallery-columns-3 .gallery-item,.elementor-image-gallery .gallery.gallery-columns-4 .gallery-item,.elementor-image-gallery .gallery.gallery-columns-5 .gallery-item,.elementor-image-gallery .gallery.gallery-columns-6 .gallery-item,.elementor-image-gallery .gallery.gallery-columns-7 .gallery-item,.elementor-image-gallery .gallery.gallery-columns-8 .gallery-item,.elementor-image-gallery .gallery.gallery-columns-9 .gallery-item,.elementor-image-gallery .gallery.gallery-columns-10 .gallery-item{max-width:100%}}<\/style>\t\t<div class=\"elementor-image-gallery\">\n\t\t\t<div id='gallery-1' class='gallery galleryid-129 gallery-columns-4 gallery-size-medium'><figure class='gallery-item'>\n\t\t\t<div class='gallery-icon landscape'>\n\t\t\t\t<a data-elementor-open-lightbox=\"yes\" data-elementor-lightbox-slideshow=\"d4e7429\" data-elementor-lightbox-title=\"PhotoArtStudio_0213\" e-action-hash=\"#elementor-action%3Aaction%3Dlightbox%26settings%3DeyJpZCI6NzE4LCJ1cmwiOiJodHRwczpcL1wvZWxla3Ryb3ZvZG9tb250LnJzXC93cC1jb250ZW50XC91cGxvYWRzXC8yMDIyXC8wOFwvUGhvdG9BcnRTdHVkaW9fMDIxMy5qcGciLCJzbGlkZXNob3ciOiJkNGU3NDI5In0%3D\" href=\"https:\/\/elektrovodomont.rs\/wp-content\/uploads\/2022\/08\/PhotoArtStudio_0213.jpg\" title=\"PhotoArtStudio_0213\" data-description=\"\"><img width=\"300\" height=\"200\" src=\"https:\/\/elektrovodomont.rs\/wp-content\/uploads\/2022\/08\/PhotoArtStudio_0213-300x200.jpg\" class=\"attachment-medium size-medium\" alt=\"armaturna mreza\" loading=\"lazy\" srcset=\"https:\/\/elektrovodomont.rs\/wp-content\/uploads\/2022\/08\/PhotoArtStudio_0213-300x200.jpg 300w, https:\/\/elektrovodomont.rs\/wp-content\/uploads\/2022\/08\/PhotoArtStudio_0213-1024x684.jpg 1024w, https:\/\/elektrovodomont.rs\/wp-content\/uploads\/2022\/08\/PhotoArtStudio_0213-768x513.jpg 768w, https:\/\/elektrovodomont.rs\/wp-content\/uploads\/2022\/08\/PhotoArtStudio_0213-1536x1025.jpg 1536w, https:\/\/elektrovodomont.rs\/wp-content\/uploads\/2022\/08\/PhotoArtStudio_0213-2048x1367.jpg 2048w, https:\/\/elektrovodomont.rs\/wp-content\/uploads\/2022\/08\/PhotoArtStudio_0213-90x60.jpg 90w\" sizes=\"(max-width: 300px) 100vw, 300px\"><\/a>\n\t\t\t<\/div><\/figure><figure class='gallery-item'>\n\t\t\t<div class='gallery-icon landscape'>\n\t\t\t\t<a data-elementor-open-lightbox=\"yes\" data-elementor-lightbox-slideshow=\"d4e7429\" data-elementor-lightbox-title=\"PhotoArtStudio_0214\" e-action-hash=\"#elementor-action%3Aaction%3Dlightbox%26settings%3DeyJpZCI6NzE5LCJ1cmwiOiJodHRwczpcL1wvZWxla3Ryb3ZvZG9tb250LnJzXC93cC1jb250ZW50XC91cGxvYWRzXC8yMDIyXC8wOFwvUGhvdG9BcnRTdHVkaW9fMDIxNC5qcGciLCJzbGlkZXNob3ciOiJkNGU3NDI5In0%3D\" href=\"https:\/\/elektrovodomont.rs\/wp-content\/uploads\/2022\/08\/PhotoArtStudio_0214.jpg\" title=\"PhotoArtStudio_0214\" data-description=\"\"><img width=\"300\" height=\"200\" src=\"https:\/\/elektrovodomont.rs\/wp-content\/uploads\/2022\/08\/PhotoArtStudio_0214-300x200.jpg\" class=\"attachment-medium size-medium\" alt=\"armaturna mreza\" loading=\"lazy\" srcset=\"https:\/\/elektrovodomont.rs\/wp-content\/uploads\/2022\/08\/PhotoArtStudio_0214-300x200.jpg 300w, https:\/\/elektrovodomont.rs\/wp-content\/uploads\/2022\/08\/PhotoArtStudio_0214-1024x684.jpg 1024w, https:\/\/elektrovodomont.rs\/wp-content\/uploads\/2022\/08\/PhotoArtStudio_0214-768x513.jpg 768w, https:\/\/elektrovodomont.rs\/wp-content\/uploads\/2022\/08\/PhotoArtStudio_0214-1536x1025.jpg 1536w, https:\/\/elektrovodomont.rs\/wp-content\/uploads\/2022\/08\/PhotoArtStudio_0214-2048x1367.jpg 2048w, https:\/\/elektrovodomont.rs\/wp-content\/uploads\/2022\/08\/PhotoArtStudio_0214-90x60.jpg 90w\" sizes=\"(max-width: 300px) 100vw, 300px\"><\/a>\n\t\t\t<\/div><\/figure><figure class='gallery-item'>\n\t\t\t<div class='gallery-icon landscape'>\n\t\t\t\t<a data-elementor-open-lightbox=\"yes\" data-elementor-lightbox-slideshow=\"d4e7429\" data-elementor-lightbox-title=\"PhotoArtStudio_0215\" e-action-hash=\"#elementor-action%3Aaction%3Dlightbox%26settings%3DeyJpZCI6NzIwLCJ1cmwiOiJodHRwczpcL1wvZWxla3Ryb3ZvZG9tb250LnJzXC93cC1jb250ZW50XC91cGxvYWRzXC8yMDIyXC8wOFwvUGhvdG9BcnRTdHVkaW9fMDIxNS5qcGciLCJzbGlkZXNob3ciOiJkNGU3NDI5In0%3D\" href=\"https:\/\/elektrovodomont.rs\/wp-content\/uploads\/2022\/08\/PhotoArtStudio_0215.jpg\" title=\"PhotoArtStudio_0215\" data-description=\"\"><img width=\"300\" height=\"200\" src=\"https:\/\/elektrovodomont.rs\/wp-content\/uploads\/2022\/08\/PhotoArtStudio_0215-300x200.jpg\" class=\"attachment-medium size-medium\" alt=\"armaturna mreza\" loading=\"lazy\" srcset=\"https:\/\/elektrovodomont.rs\/wp-content\/uploads\/2022\/08\/PhotoArtStudio_0215-300x200.jpg 300w, https:\/\/elektrovodomont.rs\/wp-content\/uploads\/2022\/08\/PhotoArtStudio_0215-1024x684.jpg 1024w, https:\/\/elektrovodomont.rs\/wp-content\/uploads\/2022\/08\/PhotoArtStudio_0215-768x513.jpg 768w, https:\/\/elektrovodomont.rs\/wp-content\/uploads\/2022\/08\/PhotoArtStudio_0215-1536x1025.jpg 1536w, https:\/\/elektrovodomont.rs\/wp-content\/uploads\/2022\/08\/PhotoArtStudio_0215-2048x1367.jpg 2048w, https:\/\/elektrovodomont.rs\/wp-content\/uploads\/2022\/08\/PhotoArtStudio_0215-90x60.jpg 90w\" sizes=\"(max-width: 300px) 100vw, 300px\"><\/a>\n\t\t\t<\/div><\/figure><figure class='gallery-item'>\n\t\t\t<div class='gallery-icon landscape'>\n\t\t\t\t<a data-elementor-open-lightbox=\"yes\" data-elementor-lightbox-slideshow=\"d4e7429\" data-elementor-lightbox-title=\"PhotoArtStudio_0216\" e-action-hash=\"#elementor-action%3Aaction%3Dlightbox%26settings%3DeyJpZCI6NzIxLCJ1cmwiOiJodHRwczpcL1wvZWxla3Ryb3ZvZG9tb250LnJzXC93cC1jb250ZW50XC91cGxvYWRzXC8yMDIyXC8wOFwvUGhvdG9BcnRTdHVkaW9fMDIxNi5qcGciLCJzbGlkZXNob3ciOiJkNGU3NDI5In0%3D\" href=\"https:\/\/elektrovodomont.rs\/wp-content\/uploads\/2022\/08\/PhotoArtStudio_0216.jpg\" title=\"PhotoArtStudio_0216\" data-description=\"\"><img width=\"300\" height=\"200\" src=\"https:\/\/elektrovodomont.rs\/wp-content\/uploads\/2022\/08\/PhotoArtStudio_0216-300x200.jpg\" class=\"attachment-medium size-medium\" alt=\"armaturna mreza\" loading=\"lazy\" srcset=\"https:\/\/elektrovodomont.rs\/wp-content\/uploads\/2022\/08\/PhotoArtStudio_0216-300x200.jpg 300w, https:\/\/elektrovodomont.rs\/wp-content\/uploads\/2022\/08\/PhotoArtStudio_0216-1024x684.jpg 1024w, https:\/\/elektrovodomont.rs\/wp-content\/uploads\/2022\/08\/PhotoArtStudio_0216-768x513.jpg 768w, https:\/\/elektrovodomont.rs\/wp-content\/uploads\/2022\/08\/PhotoArtStudio_0216-1536x1025.jpg 1536w, https:\/\/elektrovodomont.rs\/wp-content\/uploads\/2022\/08\/PhotoArtStudio_0216-2048x1367.jpg 2048w, https:\/\/elektrovodomont.rs\/wp-content\/uploads\/2022\/08\/PhotoArtStudio_0216-90x60.jpg 90w\" sizes=\"(max-width: 300px) 100vw, 300px\"><\/a>\n\t\t\t<\/div><\/figure><figure class='gallery-item'>\n\t\t\t<div class='gallery-icon landscape'>\n\t\t\t\t<a data-elementor-open-lightbox=\"yes\" data-elementor-lightbox-slideshow=\"d4e7429\" data-elementor-lightbox-title=\"PhotoArtStudio_0217\" e-action-hash=\"#elementor-action%3Aaction%3Dlightbox%26settings%3DeyJpZCI6NzIyLCJ1cmwiOiJodHRwczpcL1wvZWxla3Ryb3ZvZG9tb250LnJzXC93cC1jb250ZW50XC91cGxvYWRzXC8yMDIyXC8wOFwvUGhvdG9BcnRTdHVkaW9fMDIxNy5qcGciLCJzbGlkZXNob3ciOiJkNGU3NDI5In0%3D\" href=\"https:\/\/elektrovodomont.rs\/wp-content\/uploads\/2022\/08\/PhotoArtStudio_0217.jpg\" title=\"PhotoArtStudio_0217\" data-description=\"\"><img width=\"300\" height=\"200\" src=\"https:\/\/elektrovodomont.rs\/wp-content\/uploads\/2022\/08\/PhotoArtStudio_0217-300x200.jpg\" class=\"attachment-medium size-medium\" alt=\"armaturna mreza\" loading=\"lazy\" srcset=\"https:\/\/elektrovodomont.rs\/wp-content\/uploads\/2022\/08\/PhotoArtStudio_0217-300x200.jpg 300w, https:\/\/elektrovodomont.rs\/wp-content\/uploads\/2022\/08\/PhotoArtStudio_0217-1024x684.jpg 1024w, https:\/\/elektrovodomont.rs\/wp-content\/uploads\/2022\/08\/PhotoArtStudio_0217-768x513.jpg 768w, https:\/\/elektrovodomont.rs\/wp-content\/uploads\/2022\/08\/PhotoArtStudio_0217-1536x1025.jpg 1536w, https:\/\/elektrovodomont.rs\/wp-content\/uploads\/2022\/08\/PhotoArtStudio_0217-2048x1367.jpg 2048w, https:\/\/elektrovodomont.rs\/wp-content\/uploads\/2022\/08\/PhotoArtStudio_0217-90x60.jpg 90w\" sizes=\"(max-width: 300px) 100vw, 300px\"><\/a>\n\t\t\t<\/div><\/figure><figure class='gallery-item'>\n\t\t\t<div class='gallery-icon landscape'>\n\t\t\t\t<a data-elementor-open-lightbox=\"yes\" data-elementor-lightbox-slideshow=\"d4e7429\" data-elementor-lightbox-title=\"PhotoArtStudio_0218\" e-action-hash=\"#elementor-action%3Aaction%3Dlightbox%26settings%3DeyJpZCI6NzIzLCJ1cmwiOiJodHRwczpcL1wvZWxla3Ryb3ZvZG9tb250LnJzXC93cC1jb250ZW50XC91cGxvYWRzXC8yMDIyXC8wOFwvUGhvdG9BcnRTdHVkaW9fMDIxOC5qcGciLCJzbGlkZXNob3ciOiJkNGU3NDI5In0%3D\" href=\"https:\/\/elektrovodomont.rs\/wp-content\/uploads\/2022\/08\/PhotoArtStudio_0218.jpg\" title=\"PhotoArtStudio_0218\" data-description=\"\"><img width=\"300\" height=\"200\" src=\"https:\/\/elektrovodomont.rs\/wp-content\/uploads\/2022\/08\/PhotoArtStudio_0218-300x200.jpg\" class=\"attachment-medium size-medium\" alt=\"armaturna mreza\" loading=\"lazy\" srcset=\"https:\/\/elektrovodomont.rs\/wp-content\/uploads\/2022\/08\/PhotoArtStudio_0218-300x200.jpg 300w, https:\/\/elektrovodomont.rs\/wp-content\/uploads\/2022\/08\/PhotoArtStudio_0218-1024x684.jpg 1024w, https:\/\/elektrovodomont.rs\/wp-content\/uploads\/2022\/08\/PhotoArtStudio_0218-768x513.jpg 768w, https:\/\/elektrovodomont.rs\/wp-content\/uploads\/2022\/08\/PhotoArtStudio_0218-1536x1025.jpg 1536w, https:\/\/elektrovodomont.rs\/wp-content\/uploads\/2022\/08\/PhotoArtStudio_0218-2048x1367.jpg 2048w, https:\/\/elektrovodomont.rs\/wp-content\/uploads\/2022\/08\/PhotoArtStudio_0218-90x60.jpg 90w\" sizes=\"(max-width: 300px) 100vw, 300px\"><\/a>\n\t\t\t<\/div><\/figure><figure class='gallery-item'>\n\t\t\t<div class='gallery-icon landscape'>\n\t\t\t\t<a data-elementor-open-lightbox=\"yes\" data-elementor-lightbox-slideshow=\"d4e7429\" data-elementor-lightbox-title=\"PhotoArtStudio_0219\" e-action-hash=\"#elementor-action%3Aaction%3Dlightbox%26settings%3DeyJpZCI6NzI0LCJ1cmwiOiJodHRwczpcL1wvZWxla3Ryb3ZvZG9tb250LnJzXC93cC1jb250ZW50XC91cGxvYWRzXC8yMDIyXC8wOFwvUGhvdG9BcnRTdHVkaW9fMDIxOS5qcGciLCJzbGlkZXNob3ciOiJkNGU3NDI5In0%3D\" href=\"https:\/\/elektrovodomont.rs\/wp-content\/uploads\/2022\/08\/PhotoArtStudio_0219.jpg\" title=\"PhotoArtStudio_0219\" data-description=\"\"><img width=\"300\" height=\"200\" src=\"https:\/\/elektrovodomont.rs\/wp-content\/uploads\/2022\/08\/PhotoArtStudio_0219-300x200.jpg\" class=\"attachment-medium size-medium\" alt=\"armaturna mreza\" loading=\"lazy\" srcset=\"https:\/\/elektrovodomont.rs\/wp-content\/uploads\/2022\/08\/PhotoArtStudio_0219-300x200.jpg 300w, https:\/\/elektrovodomont.rs\/wp-content\/uploads\/2022\/08\/PhotoArtStudio_0219-1024x684.jpg 1024w, https:\/\/elektrovodomont.rs\/wp-content\/uploads\/2022\/08\/PhotoArtStudio_0219-768x513.jpg 768w, https:\/\/elektrovodomont.rs\/wp-content\/uploads\/2022\/08\/PhotoArtStudio_0219-1536x1025.jpg 1536w, https:\/\/elektrovodomont.rs\/wp-content\/uploads\/2022\/08\/PhotoArtStudio_0219-2048x1367.jpg 2048w, https:\/\/elektrovodomont.rs\/wp-content\/uploads\/2022\/08\/PhotoArtStudio_0219-90x60.jpg 90w\" sizes=\"(max-width: 300px) 100vw, 300px\"><\/a>\n\t\t\t<\/div><\/figure><figure class='gallery-item'>\n\t\t\t<div class='gallery-icon landscape'>\n\t\t\t\t<a data-elementor-open-lightbox=\"yes\" data-elementor-lightbox-slideshow=\"d4e7429\" data-elementor-lightbox-title=\"PhotoArtStudio_0220\" e-action-hash=\"#elementor-action%3Aaction%3Dlightbox%26settings%3DeyJpZCI6NzI1LCJ1cmwiOiJodHRwczpcL1wvZWxla3Ryb3ZvZG9tb250LnJzXC93cC1jb250ZW50XC91cGxvYWRzXC8yMDIyXC8wOFwvUGhvdG9BcnRTdHVkaW9fMDIyMC5qcGciLCJzbGlkZXNob3ciOiJkNGU3NDI5In0%3D\" href=\"https:\/\/elektrovodomont.rs\/wp-content\/uploads\/2022\/08\/PhotoArtStudio_0220.jpg\" title=\"PhotoArtStudio_0220\" data-description=\"\"><img width=\"300\" height=\"200\" src=\"https:\/\/elektrovodomont.rs\/wp-content\/uploads\/2022\/08\/PhotoArtStudio_0220-300x200.jpg\" class=\"attachment-medium size-medium\" alt=\"armaturna mreza\" loading=\"lazy\" srcset=\"https:\/\/elektrovodomont.rs\/wp-content\/uploads\/2022\/08\/PhotoArtStudio_0220-300x200.jpg 300w, https:\/\/elektrovodomont.rs\/wp-content\/uploads\/2022\/08\/PhotoArtStudio_0220-1024x684.jpg 1024w, https:\/\/elektrovodomont.rs\/wp-content\/uploads\/2022\/08\/PhotoArtStudio_0220-768x513.jpg 768w, https:\/\/elektrovodomont.rs\/wp-content\/uploads\/2022\/08\/PhotoArtStudio_0220-1536x1025.jpg 1536w, https:\/\/elektrovodomont.rs\/wp-content\/uploads\/2022\/08\/PhotoArtStudio_0220-2048x1367.jpg 2048w, https:\/\/elektrovodomont.rs\/wp-content\/uploads\/2022\/08\/PhotoArtStudio_0220-90x60.jpg 90w\" sizes=\"(max-width: 300px) 100vw, 300px\"><\/a>\n\t\t\t<\/div><\/figure>\n\t\t<\/div>\n\t\t<\/div>\n\t\t\t\t<\/div>\n\t\t\t\t<\/div>\n\t\t\t\t\t<\/div>\n\t\t<\/div>\n\t\t\t\t\t\t\t<\/div>\n\t\t<\/section>\n\t\t\t\t\t\t\t<\/div>\n\t\t","protected":false},"excerpt":{"rendered":"<p>Armaturne mre\u017ee imaju izuzetnu primenu u armiranju betonskih konstrukcija. U mogu\u0107nosti smo da vam ponudimo Q (obostrano nosive armaturne mreze) i R (uzdu\u017eno nosive armaturne&hellip;<\/p>\n","protected":false},"author":1,"featured_media":0,"parent":0,"menu_order":0,"comment_status":"closed","ping_status":"closed","template":"","meta":[],"_links":{"self":[{"href":"https:\/\/elektrovodomont.rs\/index.php?rest_route=\/wp\/v2\/pages\/129"}],"collection":[{"href":"https:\/\/elektrovodomont.rs\/index.php?rest_route=\/wp\/v2\/pages"}],"about":[{"href":"https:\/\/elektrovodomont.rs\/index.php?rest_route=\/wp\/v2\/types\/page"}],"author":[{"embeddable":true,"href":"https:\/\/elektrovodomont.rs\/index.php?rest_route=\/wp\/v2\/users\/1"}],"replies":[{"embeddable":true,"href":"https:\/\/elektrovodomont.rs\/index.php?rest_route=%2Fwp%2Fv2%2Fcomments&post=129"}],"version-history":[{"count":5,"href":"https:\/\/elektrovodomont.rs\/index.php?rest_route=\/wp\/v2\/pages\/129\/revisions"}],"predecessor-version":[{"id":728,"href":"https:\/\/elektrovodomont.rs\/index.php?rest_route=\/wp\/v2\/pages\/129\/revisions\/728"}],"wp:attachment":[{"href":"https:\/\/elektrovodomont.rs\/index.php?rest_route=%2Fwp%2Fv2%2Fmedia&parent=129"}],"curies":[{"name":"wp","href":"https:\/\/api.w.org\/{rel}","templated":true}]}}